ighest common divisor of w and 180?
36
Suppose -6*j + 747 = 627. What is the greatest common factor of 280 and j?
20
Suppose -3*l + 35 = -34. Let x = l + 10. Calculate the highest common divisor of x and 11.
11
Let r(i) = i + 7. Let y be r(5). Let g(s) = -s**2 + 9*s - 11. Let o be g(7). Let m be 110/o - (-6)/(-9). Calculate the greatest common factor of y and m.
12
Suppose 7*p - 15 + 1 = 0. Suppose p*m = -9 + 17. Suppose m*j = -2*i + 44, -11 = -4*i - 3*j + 57. What is the greatest common divisor of i and 126?
14
Let l = -10 + 66. Let v(p) = p**2 + 4*p - 13. Let n be v(-12). Suppose -n - 253 = -4*j. Calculate the highest common divisor of l and j.
28
Let l = -142 + 145. Let p(u) be the third derivative of -u**4/12 + u**3/3 + 3*u**2. Let o be p(-5). What is the greatest common divisor of o and l?
3
Let p(g) = 47*g**3 + g**2 + 2*g - 2. Let a be p(1). What is the highest common factor of a and 168?
24
Let o = 16 - 12. Suppose 2*y - 24 = 3*d, 0 = y - d - o - 6. Let c be y/(-9)*12/(-8). Calculate the greatest common divisor of 8 and c.
1
Let p(f) = -6*f**3 + 4*f - 5. Let d be p(-4). Let n(g) = -77*g + 33*g - 28 + 33*g + 6. Let b be n(-5). What is the highest common divisor of b and d?
33
Let h(o) = -32*o + 2. Let b be h(1). Let n be (-3244)/b - 12/90. Calculate the highest common factor of n and 12.
12
Suppose 5*c = -5*l + 40, -2*l + 5*l + 5*c = 32. Let q be (3 - (-2 + 2))/3 - -74. Suppose q = r + l*r. What is the highest common divisor of 10 and r?
5
Let v(u) = -u**3 + 22*u**2 + 2*u + 28. Let l be v(22). Let y = l + -56. What is the highest common factor of 144 and y?
16
Let t = 2796 - 1907. Calculate the highest common divisor of t and 7.
7
Let t(f) = -f**3 - 13*f**2 + 11*f - 18. Let m be t(-14). What is the highest common divisor of 204 and m?
12
Suppose -2*i = k - 7, -4*i - 10 = 10. Suppose -3*h + 1 = -k. Suppose -5*v - y + 15 = -h*y, -v = 2*y. What is the highest common divisor of v and 1?
1
Let v = -103 + 124. Suppose -2*w - 2*m = m - 67, -3*w - 3*m = -99. Suppose 10 + w = 2*q. Calculate the greatest common factor of q and v.
21
Suppose -l = -2*z + 38, 0 = -3*z - 2*l - 3*l + 83. Let y = z + 19. What is the highest common factor of y and 8?
8
Let w be (-3598)/(-35) - 12/15. What is the greatest common factor of 12 and w?
6
Suppose -12*o + 217 + 95 = 0. Calculate the greatest common factor of 26 and o.
26
Suppose -b - 329 = -2*z, -3*z - 94 + 594 = 5*b. Calculate the greatest common divisor of z and 110.
55
Suppose 0 = -2*q + b + 377, 19*q = 23*q + 5*b - 733. Calculate the highest common divisor of 85 and q.
17
Suppose -172 + 181 = o. What is the highest common divisor of 117 and o?
9
Let r(i) = -i**3 - 7*i**2 - 8*i - 8. Let j be -4 + 1*(2 - 4). Let m be r(j). What is the highest common factor of 1 and m?
1
Suppose -5*t + 12 = 10*f - 7*f, -6 = -3*t - 3*f. Let v(u) = -u - 6. Let g be v(-8). What is the greatest common factor of t and g?
1
Let i(p) = -p**2 - 3*p + 2. Let v be i(-3). Suppose 6 = 2*w + v*n, -2*w + 0 = 4*n - 4. Suppose 0*x = w*x - 572. Calculate the highest common factor of 13 and x.
13
Suppose 2*x = -2*w + w + 38, -x = -5. Let k = w - 5. Calculate the highest common divisor of 23 and k.
23
Suppose 252 = -7*v + 4*v. Let o be 48/v + (-22)/(-14). What is the highest common divisor of o and 9?
1
Suppose -2*i = -3*z - 140, i - 2*i + 70 = 4*z. Suppose 65*c + 210 = i*c. Calculate the greatest common divisor of 105 and c.
21
Suppose -32*g - 3*j = -36*g + 567, g - 145 = 4*j. What is the highest common factor of g and 6?
3
Let y = -26 + 38. Let o be (3/(-2))/((-6)/y). Suppose 5*m - 21 = -3*j, m - o*m - 4 = -5*j. Calculate the highest common divisor of 18 and j.
2
Let f(n) = n**2 - 5*n + 9. Let g be f(6). Let k = 0 + g. What is the greatest common factor of 10 and k?
5
Let y be ((-3 - -2) + -1)/(-1). Suppose 2*r + 5*j = 54, 4*r - y*j - 7 = 77. Let b be (16/12)/(-4 - 402/(-99)). Calculate the highest common divisor of b and r.
22
Let k = 1546 - 954. Calculate the greatest common divisor of 37 and k.
37
Let c = -41 - -81. Calculate the highest common divisor of 30 and c.
10
Let m = -8 + 11. Suppose 4*l = -m*l - 280. Let d = l - -65. Calculate the highest common factor of 275 and d.
25
Let g(j) = -j**2 - 14*j + 13. Let o be g(-18). Let t = 61 + o. Calculate the highest common factor of 16 and t.
2
Suppose 17 = 5*c - 13. Let u(f) = f**3 - 12*f**2 + 38*f - 15. Let i be u(7). What is the greatest common factor of i and c?
6
Let o(w) = 23*w**3 - 4*w**2 + 5*w - 17. Let c be o(4). What is the greatest common divisor of c and 83?
83
Let i be ((-10 - 2)/(-6))/(2/12). Suppose -3 = -4*s + 1. Let h be (10/(-6))/s*-36. Calculate the greatest common factor of h and i.
12
Let p(l) be the first derivative of -l**2 - 17*l + 6. Let o be p(0). Let j = o - -35. What is the highest common factor of j and 144?
18
Let r(j) = -3*j**2 - 7*j - 3. Let h be r(-5). Let a = 61 + h. Let g(s) = -25*s + 370. Let f be g(13). Calculate the greatest common divisor of f and a.
9
Suppose 2*g = 5*x - 127, 38*x - 2*g + 35 = 39*x. Calculate the greatest common factor of 153 and x.
9
Let b(j) = -18*j + 1. Let l be b(-1). Suppose 4 = -2*i + 3*i. Suppose 2*y = -3*o + 236 + 153, 2*y - 522 = -i*o. What is the highest common divisor of l and o?
19
Let w(n) = n**3 + 35*n**2 + 34*n + 14. Let a be w(-34). What is the greatest common divisor of 2 and a?
2
Let t = 130 - 98. Calculate the greatest common factor of t and 8.
8
Suppose -31 = 33*k - 36*k - 2*m, -k = -4*m + 13. What is the greatest common divisor of 455 and k?
7
Suppose 41*k = 7*k + 816. Calculate the greatest common divisor of 672 and k.
24
Suppose -3*o - 12 = 4*q, 4*q = -15 + 3. Suppose o*f - 5*f = -190. Let u = -25 + f. Calculate the highest common factor of 78 and u.
13
Let i(b) = 64*b - 28. Let g be i(1). What is the greatest common factor of 333 and g?
9
Let m(g) = -g**2 + g + 34. Let w be m(0). Let j = w - 19. Let r = 20 - 14. What is the highest common divisor of r and j?
3
Suppose -3*x + 12 = -0. Suppose -5*g = x*a + 4, -3*g = -a - 4*g. Suppose 130 = -a*v + 9*v. Calculate the greatest common factor of 65 and v.
13
Let c = 27 - 41. Let s(m) = -m**3 - 15*m**2 - 19*m - 28. Let b be s(c). What is the greatest common divisor of 21 and b?
21
Suppose 0 = -2*s - 5*w + 24, 3*s - 2*w + 1 = -1. Suppose 4*o + 24 = s*q, 2*o + 35 = 3*q - 9. What is the highest common divisor of 48 and q?
16
Let t(w) = -9*w**2 + w - 2. Let u(a) = 10*a**2 + 1. Let b(l) = -3*t(l) - 2*u(l). Let n be b(-4). Calculate the highest common factor of n and 16.
16
Let r(m) = 34*m - 13. Let w be r(1). Calculate the highest common divisor of w and 3.
3
Let m = 750 + -597. What is the greatest common factor of 221 and m?
17
Let g = -18 + 73. Suppose 0*k + 12 = -2*k. Let i(b) = -b**2 - 10*b - 2. Let a be i(k). Calculate the greatest common factor of a and g.
11
Suppose -2*q - 3*y + 708 = 0, 5*q = 3*y - 7*y + 1763. Calculate the highest common factor of 54 and q.
27
Let f(l) = 8*l + 4. Let t be f(-2). Let m = t + 54. Calculate the greatest common factor of 6 and m.
6
Suppose -9*c = -14*c + 825. Let u(t) = t**3 - 34*t**2 - 73*t + 51. Let w be u(36). Calculate the greatest common factor of w and c.
15
Suppose 0*a + 2*a = -3*g + 445, 0 = 4*a - g - 897. Calculate the highest common divisor of a and 14.
14
Let b be 1/(3/(-9))*-1. Suppose 5*y - 5 = b*w, 3*w + 1 = -0*y + y. Suppose w = -4*v + 2*v + 36. What is the highest common factor of v and 12?
6
Suppose 5*h = 2*h + 18. Let j = h + -3. Suppose -514 = -j*s - 157. What is the highest common divisor of s and 17?
17
Suppose -5*z - 3*y + 2*y - 540 = 0, -y = 4*z + 432. Let d = 164 + z. Suppose 0*g = -4*g + d. Calculate the greatest common factor of 14 and g.
14
Let j(g) = g**2. Let h be j(-2). Let x(i) = 2 - h*i - 7*i - 2*i. Let d be x(-1). What is the greatest common divisor of 3 and d?
3
Suppose 6*x + 144 = -414. Let c = x - -107. What is the greatest common divisor of 14 and c?
14
Suppose -2*h = h + 33. Let u = -13 - -8. Let w = u - h. Calculate the highest common divisor of w and 48.
6
Suppose 0 = -898*a + 920*a - 2156. What is the greatest common factor of a and 112?
14
Let d(w) = -127*w + 172. Let c be d(-4). What is the highest common factor of 40 and c?
40
Let n(g) = -2*g**3 - 2*g + 1518. Let j be n(0). Suppose 10*h = 4